{"id":1336,"date":"2025-11-18T11:14:21","date_gmt":"2025-11-18T10:14:21","guid":{"rendered":"https:\/\/tsg-hagen.de\/?page_id=1336"},"modified":"2026-02-24T16:22:41","modified_gmt":"2026-02-24T15:22:41","slug":"veranstaltungen","status":"publish","type":"page","link":"https:\/\/tsg-hagen.de\/index.php\/veranstaltungen\/","title":{"rendered":"Geplante Veranstaltungen"},"content":{"rendered":"\n<div style=\"height:38px\" aria-hidden=\"true\" class=\"wp-block-spacer\"><\/div>\n\n\n\n<p>Auf dieser Seite findest du eine \u00dcbersicht der n\u00e4chsten Veranstaltungen die wir geplant haben. Solltet ihr Interesse an diesen haben, so meldet euch bitte \u00fcber die Kachel an der Veranstaltung an, sodass wir besser planen k\u00f6nnen.<\/p>\n\n\n\n<p>Bei Fragen oder Anregungen zu den Veranstaltungen k\u00f6nnt ihr euch jederzeit an den Vorstand wenden.<\/p>\n\n\n\n<div style=\"height:100px\" aria-hidden=\"true\" class=\"wp-block-spacer\"><\/div>\n\n\n\n<div class=\"gb-element-98bf52da\">\n<a class=\"gb-element-fb239e03\" href=\"https:\/\/tsg-hagen.de\/index.php\/2025\/10\/13\/hemmoor-2026\/\">\n<h2 class=\"wp-block-heading has-neve-text-color-color has-text-color has-link-color wp-elements-ef94d27aae56cdaf5c606901995f63db\">Hemmoor <\/h2>\n\n\n\n<figure class=\"wp-block-image size-large\"><img loading=\"lazy\" decoding=\"async\" width=\"1024\" height=\"768\" src=\"https:\/\/tsg-hagen.de\/wp-content\/uploads\/2026\/02\/IMG-20241002-WA0020-1024x768.jpg\" alt=\"\" class=\"wp-image-1478\" srcset=\"https:\/\/tsg-hagen.de\/wp-content\/uploads\/2026\/02\/IMG-20241002-WA0020-1024x768.jpg 1024w, https:\/\/tsg-hagen.de\/wp-content\/uploads\/2026\/02\/IMG-20241002-WA0020-300x225.jpg 300w, https:\/\/tsg-hagen.de\/wp-content\/uploads\/2026\/02\/IMG-20241002-WA0020-768x576.jpg 768w, https:\/\/tsg-hagen.de\/wp-content\/uploads\/2026\/02\/IMG-20241002-WA0020-1536x1152.jpg 1536w, https:\/\/tsg-hagen.de\/wp-content\/uploads\/2026\/02\/IMG-20241002-WA0020.jpg 1600w\" sizes=\"auto, (max-width: 1024px) 100vw, 1024px\" \/><\/figure>\n\n\n\n<div style=\"height:38px\" aria-hidden=\"true\" class=\"wp-block-spacer\"><\/div>\n\n\n\n<p>Wir m\u00f6chten 2026 erneut nach Hemmoor fahren.<br>Geplant ist die n\u00e4chste Fahrt von <br><br>Dienstag, 07.04. bis Samstag, 11.04.<br><br>Aktuell sind ist noch ein Platz frei, solltet ihr Interesse haben, meldet euch bitte hier an<\/p>\n\n\n\n<p class=\"has-text-color has-link-color has-small-font-size wp-elements-72d4783254e49bc4c72dd1b54c87c84d\" style=\"color:#00000078\"><br><\/p>\n\n\n\n<div style=\"height:7px\" aria-hidden=\"true\" class=\"wp-block-spacer\"><\/div>\n\n\n\n<div class=\"fake-button\">Zur Anmeldung<\/div>\n\n<style>\n  .fake-button {\n    display: inline-block;\n    padding: 12px 24px;\n    background: #04acd6;\n    color: white;\n    font-family: sans-serif;\n    font-size: 16px;\n    border-radius: 8px;\n    box-shadow: 0 4px 10px rgba(0,0,0,0.15);\n    cursor: default; \/* zeigt an: kein Klick *\/\n    user-select: none; \/* Text nicht markierbar *\/\n  }\n\n  .fake-button:hover {\n    opacity: 0.9; \/* wirkt wie Hover, aber nicht klickbar *\/\n  }\n\n  .fake-button:active {\n    transform: scale(0.98); \/* wirkt wie Klick, aber ohne Funktion *\/\n  }\n<\/style>\n<\/a>\n\n\n\n<a class=\"gb-element-14b34145\" href=\"https:\/\/tsg-hagen.de\/index.php\/2026\/02\/24\/sommerauftakt-in-panheel\/\">\n<h2 class=\"wp-block-heading has-neve-text-color-color has-text-color has-link-color wp-elements-5b16ae3c22d23c65e26a073015ed531a\">Panheel (NL)<\/h2>\n\n\n\n<figure class=\"wp-block-image size-large\"><img loading=\"lazy\" decoding=\"async\" width=\"1024\" height=\"768\" src=\"https:\/\/tsg-hagen.de\/wp-content\/uploads\/2026\/02\/IMG_5495-1024x768.jpeg\" alt=\"\" class=\"wp-image-1472\" srcset=\"https:\/\/tsg-hagen.de\/wp-content\/uploads\/2026\/02\/IMG_5495-1024x768.jpeg 1024w, https:\/\/tsg-hagen.de\/wp-content\/uploads\/2026\/02\/IMG_5495-300x225.jpeg 300w, https:\/\/tsg-hagen.de\/wp-content\/uploads\/2026\/02\/IMG_5495-768x576.jpeg 768w, https:\/\/tsg-hagen.de\/wp-content\/uploads\/2026\/02\/IMG_5495-1536x1152.jpeg 1536w, https:\/\/tsg-hagen.de\/wp-content\/uploads\/2026\/02\/IMG_5495.jpeg 2048w\" sizes=\"auto, (max-width: 1024px) 100vw, 1024px\" \/><\/figure>\n\n\n\n<div style=\"height:38px\" aria-hidden=\"true\" class=\"wp-block-spacer\"><\/div>\n\n\n\n<p>Dieses Jahr geht es zum \u201eSommerauftakt\u201c nach Panheel in den Niederlanden. Ein sch\u00f6ner See in<br>den Niederlanden l\u00e4dt hier zum Tauchen ein. <\/p>\n\n\n\n<p>Der Ausflug ist f\u00fcr Samstag den 25.04.2026 geplant. <\/p>\n\n\n\n<p>Weiter Infos findet ihr hier.<\/p>\n\n\n\n<p class=\"has-text-color has-link-color has-small-font-size wp-elements-72d4783254e49bc4c72dd1b54c87c84d\" style=\"color:#00000078\"><br><\/p>\n\n\n\n<div style=\"height:7px\" aria-hidden=\"true\" class=\"wp-block-spacer\"><\/div>\n\n\n\n<div class=\"fake-button\">Mehr Informationen<\/div>\n\n<style>\n  .fake-button {\n    display: inline-block;\n    padding: 12px 24px;\n    background: #04acd6;\n    color: white;\n    font-family: sans-serif;\n    font-size: 16px;\n    border-radius: 8px;\n    box-shadow: 0 4px 10px rgba(0,0,0,0.15);\n    cursor: default; \/* zeigt an: kein Klick *\/\n    user-select: none; \/* Text nicht markierbar *\/\n  }\n\n  .fake-button:hover {\n    opacity: 0.9; \/* wirkt wie Hover, aber nicht klickbar *\/\n  }\n\n  .fake-button:active {\n    transform: scale(0.98); \/* wirkt wie Klick, aber ohne Funktion *\/\n  }\n<\/style>\n<\/a>\n\n\n\n<a class=\"gb-element-b17f6533\" href=\"https:\/\/tsg-hagen.de\/index.php\/2026\/01\/30\/nordhausen-2026\/\">\n<h2 class=\"wp-block-heading has-neve-text-color-color has-text-color has-link-color wp-elements-82e02ee41cc63d520e98318c17f70b4a\">Nordhausen<\/h2>\n\n\n\n<figure class=\"wp-block-image size-large\"><img loading=\"lazy\" decoding=\"async\" width=\"1200\" height=\"900\" src=\"https:\/\/tsg-hagen.de\/wp-content\/uploads\/2026\/02\/WhatsApp-Image-2026-01-28-at-14.52.37-edited-1.jpeg\" alt=\"\" class=\"wp-image-1483\" srcset=\"https:\/\/tsg-hagen.de\/wp-content\/uploads\/2026\/02\/WhatsApp-Image-2026-01-28-at-14.52.37-edited-1.jpeg 1200w, https:\/\/tsg-hagen.de\/wp-content\/uploads\/2026\/02\/WhatsApp-Image-2026-01-28-at-14.52.37-edited-1-300x225.jpeg 300w, https:\/\/tsg-hagen.de\/wp-content\/uploads\/2026\/02\/WhatsApp-Image-2026-01-28-at-14.52.37-edited-1-1024x768.jpeg 1024w, https:\/\/tsg-hagen.de\/wp-content\/uploads\/2026\/02\/WhatsApp-Image-2026-01-28-at-14.52.37-edited-1-768x576.jpeg 768w\" sizes=\"auto, (max-width: 1200px) 100vw, 1200px\" \/><\/figure>\n\n\n\n<div style=\"height:38px\" aria-hidden=\"true\" class=\"wp-block-spacer\"><\/div>\n\n\n\n<p>F\u00fcr den Zeitraum vom 08.05. \u2013 10.05.2026 haben wir in Nordhausen zwei H\u00e4user direkt am Sundh\u00e4user See reserviert. Insgesamt finden hier 12 Personen Platz.<\/p>\n\n\n\n<p>Derzeit ist noch ein Platz frei, bitte meldet euch \u00fcber das Formular an wenn ihr mitkommen m\u00f6chtet<\/p>\n\n\n\n<div style=\"height:7px\" aria-hidden=\"true\" class=\"wp-block-spacer\"><\/div>\n\n\n\n<div class=\"fake-button\">Zur Anmeldung<\/div>\n\n<style>\n  .fake-button {\n    display: inline-block;\n    padding: 12px 24px;\n    background: #04acd6;\n    color: white;\n    font-family: sans-serif;\n    font-size: 16px;\n    border-radius: 8px;\n    box-shadow: 0 4px 10px rgba(0,0,0,0.15);\n    cursor: default; \/* zeigt an: kein Klick *\/\n    user-select: none; \/* Text nicht markierbar *\/\n  }\n\n  .fake-button:hover {\n    opacity: 0.9; \/* wirkt wie Hover, aber nicht klickbar *\/\n  }\n\n  .fake-button:active {\n    transform: scale(0.98); \/* wirkt wie Klick, aber ohne Funktion *\/\n  }\n<\/style>\n<\/a>\n\n\n\n<a class=\"gb-element-e563d545\" href=\"https:\/\/tsg-hagen.de\/index.php\/2026\/02\/24\/tauchpark-naturagart-2026\/\">\n<h2 class=\"wp-block-heading has-neve-text-color-color has-text-color has-link-color wp-elements-d1fef7d477cc214b46a517ffb5c69db1\">NaturaGart<\/h2>\n\n\n\n<figure class=\"wp-block-image size-large\"><img loading=\"lazy\" decoding=\"async\" width=\"1024\" height=\"769\" src=\"https:\/\/tsg-hagen.de\/wp-content\/uploads\/2026\/02\/naturagart-1024x769.jpg\" alt=\"\" class=\"wp-image-1476\" srcset=\"https:\/\/tsg-hagen.de\/wp-content\/uploads\/2026\/02\/naturagart-1024x769.jpg 1024w, https:\/\/tsg-hagen.de\/wp-content\/uploads\/2026\/02\/naturagart-300x225.jpg 300w, https:\/\/tsg-hagen.de\/wp-content\/uploads\/2026\/02\/naturagart-768x577.jpg 768w, https:\/\/tsg-hagen.de\/wp-content\/uploads\/2026\/02\/naturagart.jpg 1312w\" sizes=\"auto, (max-width: 1024px) 100vw, 1024px\" \/><\/figure>\n\n\n\n<div style=\"height:38px\" aria-hidden=\"true\" class=\"wp-block-spacer\"><\/div>\n\n\n\n<p>Wir einen Ausflug am 24.05.2025 zu NaturaGart in Ibbenb\u00fcren. Dort kann man nicht nur mit den imposanten St\u00f6ren und anderen Fischen tauchen, denn der Unterwasserpark bietet sehr viel mehr.<\/p>\n\n\n\n<p>Eine Anmeldung ist bis 14 Tage vor der Fahrt erfoderlich<\/p>\n\n\n\n<div style=\"height:7px\" aria-hidden=\"true\" class=\"wp-block-spacer\"><\/div>\n\n\n\n<div class=\"fake-button\">Zur Anmeldung<\/div>\n\n<style>\n  .fake-button {\n    display: inline-block;\n    padding: 12px 24px;\n    background: #04acd6;\n    color: white;\n    font-family: sans-serif;\n    font-size: 16px;\n    border-radius: 8px;\n    box-shadow: 0 4px 10px rgba(0,0,0,0.15);\n    cursor: default; \/* zeigt an: kein Klick *\/\n    user-select: none; \/* Text nicht markierbar *\/\n  }\n\n  .fake-button:hover {\n    opacity: 0.9; \/* wirkt wie Hover, aber nicht klickbar *\/\n  }\n\n  .fake-button:active {\n    transform: scale(0.98); \/* wirkt wie Klick, aber ohne Funktion *\/\n  }\n<\/style>\n<\/a>\n\n\n\n<a class=\"gb-element-f6f84330\" href=\"https:\/\/tsg-hagen.de\/index.php\/2026\/01\/23\/vereinsfahrt-2026\/\">\n<h2 class=\"wp-block-heading has-neve-text-color-color has-text-color has-link-color wp-elements-4c7eb5b8a16172f05a3477c4c028a4dc\">Vereinsfahrt 2026<\/h2>\n\n\n\n<figure class=\"wp-block-image size-large\"><img loading=\"lazy\" decoding=\"async\" width=\"1536\" height=\"1152\" src=\"https:\/\/tsg-hagen.de\/wp-content\/uploads\/2026\/02\/IMG_6211-edited-1.jpeg\" alt=\"\" class=\"wp-image-1484\" srcset=\"https:\/\/tsg-hagen.de\/wp-content\/uploads\/2026\/02\/IMG_6211-edited-1.jpeg 1536w, https:\/\/tsg-hagen.de\/wp-content\/uploads\/2026\/02\/IMG_6211-edited-1-300x225.jpeg 300w, https:\/\/tsg-hagen.de\/wp-content\/uploads\/2026\/02\/IMG_6211-edited-1-1024x768.jpeg 1024w, https:\/\/tsg-hagen.de\/wp-content\/uploads\/2026\/02\/IMG_6211-edited-1-768x576.jpeg 768w\" sizes=\"auto, (max-width: 1536px) 100vw, 1536px\" \/><\/figure>\n\n\n\n<div style=\"height:38px\" aria-hidden=\"true\" class=\"wp-block-spacer\"><\/div>\n\n\n\n<p>Wir fahren vom 04.06.2026 bis zum 07.06.2026 in die Niederlande auf den Campingplatz Klaverweide (Zeeland). <\/p>\n\n\n\n<p>Derzeit sind keine Anmeldungen f\u00fcr den Campingplatz \u00fcber den Verein m\u00f6glich. Ihr k\u00f6nnt euch jedoch selbst um eine Unterkunft k\u00fcmmern<\/p>\n\n\n\n<div style=\"height:7px\" aria-hidden=\"true\" class=\"wp-block-spacer\"><\/div>\n\n\n\n<div class=\"fake-button\">Mehr Infos<\/div>\n\n<style>\n  .fake-button {\n    display: inline-block;\n    padding: 12px 24px;\n    background: #04acd6;\n    color: white;\n    font-family: sans-serif;\n    font-size: 16px;\n    border-radius: 8px;\n    box-shadow: 0 4px 10px rgba(0,0,0,0.15);\n    cursor: default; \/* zeigt an: kein Klick *\/\n    user-select: none; \/* Text nicht markierbar *\/\n  }\n\n  .fake-button:hover {\n    opacity: 0.9; \/* wirkt wie Hover, aber nicht klickbar *\/\n  }\n\n  .fake-button:active {\n    transform: scale(0.98); \/* wirkt wie Klick, aber ohne Funktion *\/\n  }\n<\/style>\n<\/a>\n\n\n\n<a class=\"gb-element-3706cfde\" href=\"https:\/\/tsg-hagen.de\/index.php\/2026\/02\/24\/hasper-kirmes-2026\/\">\n<h2 class=\"wp-block-heading has-neve-text-color-color has-text-color has-link-color wp-elements-46d2f4a3610e01569de11ce8906a5116\">Kirmes 2026<\/h2>\n\n\n\n<figure class=\"wp-block-image size-large\"><img loading=\"lazy\" decoding=\"async\" width=\"1200\" height=\"900\" src=\"https:\/\/tsg-hagen.de\/wp-content\/uploads\/2026\/02\/642ccfdf-4ae8-47ed-bc91-4c4b32f70765-edited.jpg\" alt=\"\" class=\"wp-image-1492\" srcset=\"https:\/\/tsg-hagen.de\/wp-content\/uploads\/2026\/02\/642ccfdf-4ae8-47ed-bc91-4c4b32f70765-edited.jpg 1200w, https:\/\/tsg-hagen.de\/wp-content\/uploads\/2026\/02\/642ccfdf-4ae8-47ed-bc91-4c4b32f70765-edited-300x225.jpg 300w, https:\/\/tsg-hagen.de\/wp-content\/uploads\/2026\/02\/642ccfdf-4ae8-47ed-bc91-4c4b32f70765-edited-1024x768.jpg 1024w, https:\/\/tsg-hagen.de\/wp-content\/uploads\/2026\/02\/642ccfdf-4ae8-47ed-bc91-4c4b32f70765-edited-768x576.jpg 768w\" sizes=\"auto, (max-width: 1200px) 100vw, 1200px\" \/><\/figure>\n\n\n\n<div style=\"height:38px\" aria-hidden=\"true\" class=\"wp-block-spacer\"><\/div>\n\n\n\n<p>Der Termin f\u00fcr die Hasper Kirmes steht fest Hierf\u00fcr suchen wir noch Helfer auf dem Bierwagen am Freitag, den 19.06.2026 von 18:00 \u2013 Ende (ca. 22\/23 Uhr).<\/p>\n\n\n\n<p>Auch m\u00f6chten wir am Samstag wieder einen eigenen Bierwagen an unserem Vereinsheim betreiben<\/p>\n\n\n\n<div style=\"height:7px\" aria-hidden=\"true\" class=\"wp-block-spacer\"><\/div>\n\n\n\n<div class=\"fake-button\">Mehr Infos<\/div>\n\n<style>\n  .fake-button {\n    display: inline-block;\n    padding: 12px 24px;\n    background: #04acd6;\n    color: white;\n    font-family: sans-serif;\n    font-size: 16px;\n    border-radius: 8px;\n    box-shadow: 0 4px 10px rgba(0,0,0,0.15);\n    cursor: default; \/* zeigt an: kein Klick *\/\n    user-select: none; \/* Text nicht markierbar *\/\n  }\n\n  .fake-button:hover {\n    opacity: 0.9; \/* wirkt wie Hover, aber nicht klickbar *\/\n  }\n\n  .fake-button:active {\n    transform: scale(0.98); \/* wirkt wie Klick, aber ohne Funktion *\/\n  }\n<\/style>\n<\/a>\n\n\n\n<a class=\"gb-element-ee2cee65\" href=\"https:\/\/tsg-hagen.de\/index.php\/2025\/10\/13\/hemmoor-2026\/\">\n<h2 class=\"wp-block-heading has-neve-text-color-color has-text-color has-link-color wp-elements-da56992b41a687734f2477d83bff9168\">Hemmoor<\/h2>\n\n\n\n<figure class=\"wp-block-image size-large\"><img loading=\"lazy\" decoding=\"async\" width=\"1024\" height=\"768\" src=\"https:\/\/tsg-hagen.de\/wp-content\/uploads\/2026\/02\/WhatsApp-Image-2026-01-28-at-14.52.37-edited-1-1024x768.jpeg\" alt=\"\" class=\"wp-image-1483\" srcset=\"https:\/\/tsg-hagen.de\/wp-content\/uploads\/2026\/02\/WhatsApp-Image-2026-01-28-at-14.52.37-edited-1-1024x768.jpeg 1024w, https:\/\/tsg-hagen.de\/wp-content\/uploads\/2026\/02\/WhatsApp-Image-2026-01-28-at-14.52.37-edited-1-300x225.jpeg 300w, https:\/\/tsg-hagen.de\/wp-content\/uploads\/2026\/02\/WhatsApp-Image-2026-01-28-at-14.52.37-edited-1-768x576.jpeg 768w, https:\/\/tsg-hagen.de\/wp-content\/uploads\/2026\/02\/WhatsApp-Image-2026-01-28-at-14.52.37-edited-1.jpeg 1200w\" sizes=\"auto, (max-width: 1024px) 100vw, 1024px\" \/><\/figure>\n\n\n\n<div style=\"height:38px\" aria-hidden=\"true\" class=\"wp-block-spacer\"><\/div>\n\n\n\n<p>Im Herbst m\u00f6chten wir noch einmal nach Hemmoor fahren.<br>Geplant ist die Fahrt von <br><br>Montag, 28.09. \u2013 Freitag, 02.10.<br><br>Derzeit sind keine Pl\u00e4tze mehr in der Unterkunft frei, ihr k\u00f6nnt aber gerne selbst eine \u00dcbernachtungsm\u00f6glichkeit suchen und an der Fahrt teilnehmen<\/p>\n\n\n\n<div style=\"height:7px\" aria-hidden=\"true\" class=\"wp-block-spacer\"><\/div>\n\n\n\n<div class=\"fake-button\">Mehr Infos<\/div>\n\n<style>\n  .fake-button {\n    display: inline-block;\n    padding: 12px 24px;\n    background: #04acd6;\n    color: white;\n    font-family: sans-serif;\n    font-size: 16px;\n    border-radius: 8px;\n    box-shadow: 0 4px 10px rgba(0,0,0,0.15);\n    cursor: default; \/* zeigt an: kein Klick *\/\n    user-select: none; \/* Text nicht markierbar *\/\n  }\n\n  .fake-button:hover {\n    opacity: 0.9; \/* wirkt wie Hover, aber nicht klickbar *\/\n  }\n\n  .fake-button:active {\n    transform: scale(0.98); \/* wirkt wie Klick, aber ohne Funktion *\/\n  }\n<\/style>\n<\/a>\n<\/div>\n\n\n\n<div style=\"height:100px\" aria-hidden=\"true\" class=\"wp-block-spacer\"><\/div>\n","protected":false},"excerpt":{"rendered":"<p>Auf dieser Seite findest du eine \u00dcbersicht der n\u00e4chsten Veranstaltungen die wir geplant haben. Solltet ihr Interesse an diesen haben, so meldet euch bitte \u00fcber die Kachel an der Veranstaltung an, sodass wir besser planen k\u00f6nnen. Bei Fragen oder Anregungen zu den Veranstaltungen k\u00f6nnt ihr euch jederzeit an den Vorstand wenden. Hemmoor Wir m\u00f6chten 2026&hellip;&nbsp;<a href=\"https:\/\/tsg-hagen.de\/index.php\/veranstaltungen\/\" rel=\"bookmark\">Weiterlesen &raquo;<span class=\"screen-reader-text\">Geplante Veranstaltungen<\/span><\/a><\/p>\n","protected":false},"author":1,"featured_media":1472,"parent":0,"menu_order":0,"comment_status":"closed","ping_status":"closed","template":"","meta":{"neve_meta_sidebar":"","neve_meta_container":"","neve_meta_enable_content_width":"","neve_meta_content_width":0,"neve_meta_title_alignment":"","neve_meta_author_avatar":"","neve_post_elements_order":"","neve_meta_disable_header":"","neve_meta_disable_footer":"","neve_meta_disable_title":"","footnotes":""},"class_list":["post-1336","page","type-page","status-publish","has-post-thumbnail","hentry"],"_links":{"self":[{"href":"https:\/\/tsg-hagen.de\/index.php\/wp-json\/wp\/v2\/pages\/1336","targetHints":{"allow":["GET"]}}],"collection":[{"href":"https:\/\/tsg-hagen.de\/index.php\/wp-json\/wp\/v2\/pages"}],"about":[{"href":"https:\/\/tsg-hagen.de\/index.php\/wp-json\/wp\/v2\/types\/page"}],"author":[{"embeddable":true,"href":"https:\/\/tsg-hagen.de\/index.php\/wp-json\/wp\/v2\/users\/1"}],"replies":[{"embeddable":true,"href":"https:\/\/tsg-hagen.de\/index.php\/wp-json\/wp\/v2\/comments?post=1336"}],"version-history":[{"count":56,"href":"https:\/\/tsg-hagen.de\/index.php\/wp-json\/wp\/v2\/pages\/1336\/revisions"}],"predecessor-version":[{"id":1547,"href":"https:\/\/tsg-hagen.de\/index.php\/wp-json\/wp\/v2\/pages\/1336\/revisions\/1547"}],"wp:featuredmedia":[{"embeddable":true,"href":"https:\/\/tsg-hagen.de\/index.php\/wp-json\/wp\/v2\/media\/1472"}],"wp:attachment":[{"href":"https:\/\/tsg-hagen.de\/index.php\/wp-json\/wp\/v2\/media?parent=1336"}],"curies":[{"name":"wp","href":"https:\/\/api.w.org\/{rel}","templated":true}]}}